) + 12 + -42?
-9
Calculate -4 + (-56 + 71 - -34).
45
What is -20 + (9 - (-14 - -14)) - (7 + 0)?
-18
What is the value of 3 + -2 - (13 + 0) - ((-9 - -19) + 44)?
-66
50 + 28 + (-55 - 36)
-13
Evaluate (-10 - (-19 + 4 + -22)) + (-2 - (2 + 4)).
19
What is (-9 - 0) + -20 + (50 - (6 - -5))?
10
Evaluate (-44974 - -45053) + (-1 - -2) + -13.
67
Evaluate 60 + (-15 - -17) + (-2 - 3) + 2 + -10.
49
Evaluate -103 + -44 + 66 + (-58 - -10).
-129
What is the value of -44 - (22 - 71) - (7 + 4)?
-6
What is -9 + (5 - 7) - (3 + -3 + -7)?
-4
Evaluate (0 - 1) + 157 + -62317 + 62285.
124
Evaluate -31 + (44 + 37 - -79).
129
What is 8 - 70 - -113 - (-10 + 2 + -1)?
60
What is the value of -28 + 19 + 30 + -52?
-31
Evaluate 3242 + -3228 + (9 - 7 - (0 + 1)) + 98.
113
27 + -121 - (-87 + -100)
93
Calculate (4 - 6 - (26 + -18) - (2 - 16)) + -57.
-53
Evaluate 6 - (-33 + 52 + -21).
8
51 - 45 - (0 - -1 - -37)
-32
Evaluate -25 - ((-34 - -10 - -32) + -40).
7
Calculate 8 + (-15 - (-9 - -12)) + 5 - (56 - -25).
-86
Evaluate 31 + (-44 - (-40 - -54 - 30)).
3
-9 + 16 + (3 - (-3 - 3 - -77))
-61
Calculate 32 + -144 + 112 - (-3 + -82 - -2).
83
What is 7 + -3 + 4 + 0 - (-33 + 20)?
21
Evaluate 46 + -80 - (-8 + -1 - 18).
-7
Evaluate (-52 + 21 - -23) + 7 + 1 + -24.
-24
Calculate 10 - (24 - (-1 - (-2 + -8))) - 18.
-23
What is 12 + -18 - (-47 + -9 + 8 + 10)?
32
Calculate -86 - (-27 - -27 - -3 - 5).
-84
0 + -1 - ((-10 - (9 + -11)) + -22) - 5
24
Evaluate 14 - (-4 - 12) - -3 - -2.
35
What is -18 - -11 - (4 + -1) - (-48 - -12 - -59)?
-33
Evaluate 8 - (9 - (57 - 13) - 9).
52
Calculate (-1 - (148 + -76)) + 8.
-65
Evaluate -8 - -1 - (-74 + 7 + 8 + 4 - -4).
44
-66 + (3 - 12 - (17 + -44 + 2))
-50
What is 74 + 73 + -230 - (5 + (0 - -3) + -1)?
-90
Evaluate (-1 - -67) + (-34 + 96 - 90).
38
Calculate 8 - (-74 - (-117 - -62)).
27
What is the value of 15 + -2 - (44 - (78 + -46)) - -55?
56
What is -20782 + 20791 - (-71 - (-1 + -1 - 0))?
78
Calculate 6 + -8 + 11 + -13 - (-108 - -16 - -1).
87
Calculate -124 + 25 + 10 + -9 + 14.
-84
0 + (-1 - (-1 - -16)) + -477 + 543
50
What is the value of 3 + (29 - 8) + (26 + -12 - 2)?
36
What is the value of 178 + -114 + 9 + -41?
32
Evaluate 32 + -6 + 16 + -42 + 10.
10
What is the value of 41 + -80 + 58 + -1 + (-5 - -2)?
15
(26 - -18 - 12) + -24 - (-15 - 1)
24
What is -96 + (-10 - -28) + 101?
23
What is (40 + 2 - (199 + -234)) + (-15 - 0)?
62
Calculate (106 - 122) + -3 + (-17 - 11).
-47
What is the value of (84 - (-21 + (13 + -9 - -8) - -17)) + 0?
76
What is the value of 6 - (51 + -30) - (-70 + 3)?
52
201 + (-378 - -95) - (-1 - -2 - 14)
-69
(-9 - -85) + -45 + -5
26
81 + -8 + (8 - -1 - -11 - 22)
71
What is (2397 - 2234) + (0 - 87)?
76
Calculate (-122 - (-25 + 48)) + -14 + 5 - -9.
-145
Calculate (-67 + 33 + 1 - -7) + -21.
-47
Calculate (101 + -96 - (3 - -11)) + -43 + -3 + 0.
-55
Evaluate 210 + -142 - (42 - 0).
26
Calculate 17 - 30 - (-2 + -7 - 19).
15
30 + -60 + 64 + -40 + 5
-1
What is the value of 107 + -104 + 17 + 0 + -1?
19
What is -6 + (-39 - 16 - -34) + 48?
21
What is the value of -12 + (6 - (75 + -153))?
72
Calculate (47 - -32 - 13) + 3 + -1 + -10 + -4.
54
17 + 28 + -38 - -29
36
What is the value of 5 + -23 + (-18 - -15) + -15 + -11 + 2?
-45
(-5 + 28 - (-19 - -29)) + -17
-4
Calculate -2 + -51 - (0 + -4) - (1376 - 1368).
-57
Calculate -12 + 13 - -5 - ((-3 - 30 - 1) + 2).
38
Evaluate 37 - (37 + 43 + -48).
5
What is the value of -62 + (7 - 128) + 186?
3
What is the value of 0 + 1 + (-14 - (0 + -38 + 23))?
2
Evaluate (-253 - -274) + (-82 - 1) + -1.
-63
Calculate (-52 - (18 - 44)) + 59.
33
117 + (14 - (50 - 1))
82
Calculate (1 - 31) + -9 - -95.
56
Calculate -29 + 1 + 18 + -2 + 26.
14
Calculate 144 - (86 + -13) - (0 + -21).
92
What is (-12 - (-57 - -30 - 14)) + -160?
-131
What is -21 - -1 - (1 - (-26 - -17) - (-1 - -10))?
-21
What is 12 + -23 - ((-34 - -22) + 14)?
-13
What is 593 + -466 + -34 + -27?
66
What is the value of (-1 - 36) + (31 - 84) + 25?
-65
What is the value of 4 - (-9 + (-12 + -3 - -6))?
22
Calculate 32 + (5 + 67 - 50).
54
Evaluate 18040 - 18065 - (2 + -122).
95
Calculate 50 + (55 - (165 + -37)).
-23
Calculate 45 + (-403 - -290) - (0 + -6 - 1).
-61
What is (-18 - 104 - -119) + -60 + 0?
-63
Calculate (-12 + 67 - -12) + (15 + -17 - 8).
57
Calculate (-41 - 5) + (13 + (-19 - -10) - 11 - -16).
-37
What is -42 + -34 - (6 - 139)?
57
1 - -9 - (2 + (-7 - 2) - (-35 + -7))
-25
What is the value of 7 - (46 + -6 + -8) - (-34 + 30)?
-21
Calculate -3 + 3 + -1 + (430 - 149) + -166.
114
Evaluate -17 + -6 + -63 + -4 + (-3 - -4) + 2.
-87
32 + -22 - (-7 + -3 + 7 + -36)
49
What is the value of (0 - -1 - 1) + -7 + 20 + -36?
-23
Evaluate 343 + -372 + (0 - (1 + 1)).
-31
Evaluate 8 - ((-71 - -84) + 63 + (-1 - 1)).
-66
Evaluate (4 + (-25 - -55) - 71) + 38.
1
What is -31 - 3 - (-15 - (-13 - 2 - (-2 + 9)))?
-41
Calculate 38 - 46 - -9 - -24.
25
What is (-1 + 1 - 12) + (-69 - -95) + 65?
79
What is the value of 19 + -3 - (-68 + 5 + 40)?
39
Evaluate (67 - 21) + -37 - (2 + -1).
8
What is the value of 7 - (18 + -13 + 9 - -13)?
-20
9 - (9 - -5) - (2 + 5 + 17)
-29
Calculate (15 + (-3 - 137 - -4) - (15 - 0)) + -5.
-141
What is 23 + (25 - 58) + 1 + -33 + 2?
-40
What is the value of 9 + (-19 - (9 - 6)) + 16?
3
What is the value of -92 + (13 - 78) + 99?
-58
Evaluate -1 + 2 + (-9 - -1) + -346 + 352 + -9.
-10
Evaluate 0 + -84 + -17 + (3 - (-6 + 0)) - -8.
-84
(3 - 11) + (70 - (-51 - -150))
-37
What is the value of (2 - 3) + -53 + 37 + 30 + 0 + -57?
-44
What is 8 + 3 - (92 + -102 + 82 + 1)?
-62
What is -13 + 34 - (-6 + 33 - 55)?
49
Calculate (-2 - 5) + 36 + 0 + 2 + 3.
34
What is (0 + 25 - 1) + -620 + 617?
21
What is the value of 2 + -1 + (-22 + 4 - -2)?
-15
Evaluate 0 + -14 - (-26 - (0 + -12)).
0
(2 - 34) + -104 + 105 - -1
-30
Evaluate 99 - (-42 - (-238 - -69)).
-28
What is the value of (-79 - (-59 + -8)) + 1 + -27?
-38
Evaluate (-82 - -27) + 99 + (4 + -5 - 9).
34
Evaluate 17 - ((-22 - -5 - 6) + 13).
27
Evaluate 3 + -91 - -103 - (27 - -1).
-13
(-7 - 65 - -90) + (-3 - 4) + 3
14
45 - (-13 + -5 + (12 - 2) + 22)
31
Calculate 0 - (5 + -2 + -54 + 53 + -37 + -9).
44
What is -50 + (23 - 0) - -30?
3
Evaluate -11 + (8 - (15 - 11)) + (-7 - (-6 - -6)).
-14
Evaluate 15 + -15 + 8 + (-8 - -1) - 32.
-31
What is -7 - -14 - 49 - (-22 + 26) - 6?
-52
What is the value of 14 - -2 - (-15 - (-7 - -19)) - -20?
63
Calculate (49 - 59) + -5 - (3 - 31) - 104.
-91
What is (6 - 36) + 25 - -55?
50
What is (-53 + 31 - -94) + -5?
67
What is 156 - 176 - (-1 + -1 - 67)?
49
(-3 - -1) + -10 - (-1 + -1 - 15 - -61)
-56
What is -22 + 0 + -8 + 70?
40
-32 - (-207 - (26 + -71))
130
What is -42 + (23 - (19 + 8)) + 7?
-39
Evaluate 47 - (-70 - (-47 - 18)).
52
What is -15 - ((1356 - 1370) + -93 + 1)?
91
What is 10 - 33 - 14 - (-33 - -10)?
-14
Evaluate 11 + 1 - ((0 - 26 - -1) + 31).
6
What is the value of (12 - 24) + 5 + 6 + -8 + 79?
70
17 + 25 + 36 + -79 + (48 - -2)
49
Calculate -62 - ((28 - 0) + -64).
-26
What is the value of 129 + -5 + (4 - (-11 + 23 + -21))?
137
What is -73 + 19 + (-39 - (13 + -22) - -14)?
-70
What is the value of 13 + (31 - 6) - 20 - 55?
-37
What is the value of (-44 + 1 - (-2 + 1 + -1)) + (36852 - 36852)?
-41
What is -4 - (-8 + -23) - -9?
36
22 + (-23 - (3 - -1))
-5
Calculate 134 + 159 + -260 - (58 - 1).
-24
(53 - 14 - 8) + 11
42
What is the value of -3 + 1 + -10 + (-4 + -35 - -26)?
-25
Evaluate 103 + -4 + -10 + -13 + 11.
87
Calculate -35 - (2 + (-8 - (24 - 7))).
-12
What is -58 - (-60 - 23) - -8?
33
What is the value of (-47 + -81 - -46) + 12 + -4 + 0 - -4?
-70
Calculate (-56 - (15 + -52)) + -18.
-37
What is (6 - (-41 - 2)) + -79?
-30
What is the value of 22 - (-69 + 14) - 53?
24
-5 + 21 + 20 + -39 + 2 + -1
-2
Calculate -73 + 45 + -28 + 83.
27
What is 6 + -4 + (-4 - -11) - (24 + 26)?
-41
11 - (27 + (1 + 40 - 59))
2
Calculate -54 + -1 + (30 - 44) + 7 + 12.
-50
What is the value of -14 + (2 - 1) + (-762 - -767) + 9?
1
What is 4 + -10 + -7 - ((22 - 17) + -33)?
15
Evaluate (-240 - (-106 - -56)) + 120.
-70
What is the value of -117 - 3 - (-342 - -259)?
-37
What is 46 + -100 + (31 - (3 + 15))?
-41
Evaluate 84 + -135 - (-6 + -76).
31
16 + -4 + (17 - 21) + -15 + (2 - 15)
-20
Calculate -44 - (-13 - ((-36 - (-6 + -9)) + 12)).
-40
What is 31 + (1 - 2 - (9 + -15 - -19 - 16))?
33
-1 - 1 - -7 - (12 + -27 + 9)
11
What is 0 + (1 - -63) + 1592 